{"id":170,"date":"2017-03-01T06:35:39","date_gmt":"2017-03-01T06:35:39","guid":{"rendered":"http:\/\/www.49themes.com\/demos\/dentalcarewp\/?page_id=170"},"modified":"2023-11-15T16:21:45","modified_gmt":"2023-11-15T16:21:45","slug":"about-us","status":"publish","type":"page","link":"https:\/\/tecnidental.com.ec\/index.php\/about-us\/","title":{"rendered":""},"content":{"rendered":"<section class=\"wpb-content-wrapper\"><p>[vc_row el_class=&#8221;tt-block&#8221;][vc_column][vc_column_text css=&#8221;.vc_custom_1699110628834{margin-bottom: 0px !important;}&#8221;]<\/p>\n<h4 class=\"tt-title h3\">Misi\u00f3n<\/h4>\n<div class=\"empty-space marg-lg-b20\"><\/div>\n<div class=\"simple-text\">\n<p>Somos una empresa Cuencana que presta sus servicios en realizaci\u00f3n de pr\u00f3tesis fijas utilizando tecnolog\u00eda de punta, materiales contempor\u00e1neos y procesos de fabricaci\u00f3n innovadores, para que obtengan el mejor beneficio de su inversi\u00f3n. Cumplir las expectativas de calidad de nuestros clientes; brindar confianza, calidad y garant\u00eda efectiva.<\/p>\n<p>El desempe\u00f1o y resultados de nuestros productos ser\u00e1n producidos por un equipo de trabajo experimentado y vers\u00e1til que enfatiza sus valores de servicio, calidad, puntualidad, responsabilidad y honestidad, pero, sobre todo, \u00e9tica, liderazgo e innovaci\u00f3n, ampliamente respaldados con equipos que permiten dise\u00f1ar y fabricar cualquier tipo de pr\u00f3tesis dental.<\/p>\n<\/div>\n<div class=\"empty-space marg-lg-b45\"><\/div>\n<h4 class=\"tt-title h3\">Visi\u00f3n<\/h4>\n<div class=\"empty-space marg-lg-b20\"><\/div>\n<div class=\"simple-text\">\n<p>TecniDental Laboratorio Dental est\u00e1 enfocado en ser reconocida a nivel internacional como una empresa distinguida de m\u00e1xima calidad en realizaci\u00f3n de pr\u00f3tesis fijas con la m\u00e1s alta tecnolog\u00eda. Gracias a la solidez profesional de su equipo de trabajo y a los equipos de \u00faltima generaci\u00f3n, es capaz de alcanzar los mejores est\u00e1ndares de est\u00e9tica, precisi\u00f3n y competitividad en el mercado, garantizando estabilidad y reconocimiento, esforz\u00e1ndose por el desarrollo continuo, brindando productos integrales de alta calidad.<\/p>\n<\/div>\n<div class=\"empty-space marg-sm-b0 marg-md-b20 marg-lg-b65\"><\/div>\n<p>[\/vc_column_text][\/vc_column][\/vc_row][vc_row disable_element=&#8221;yes&#8221;][vc_column][dentalcare_home_our_team number=&#8221;4&#8243; heading=&#8221;Nuestro Equipo&#8221; heading_two=&#8221;&#8221;][\/vc_column][\/vc_row]<\/p>\n<\/section>","protected":false},"excerpt":{"rendered":"<p>[vc_row el_class=&#8221;tt-block&#8221;][vc_column][vc_column_text css=&#8221;.vc_custom_1699110628834{margin-bottom: 0px !important;}&#8221;] Misi\u00f3n Somos una empresa Cuencana que presta sus servicios en realizaci\u00f3n de pr\u00f3tesis fijas utilizando tecnolog\u00eda de punta, materiales contempor\u00e1neos y procesos de fabricaci\u00f3n innovadores, para que obtengan el mejor beneficio de su inversi\u00f3n. Cumplir las expectativas de calidad de nuestros clientes; brindar confianza, calidad y garant\u00eda efectiva. El desempe\u00f1o<\/p>\n","protected":false},"author":1,"featured_media":1366,"parent":0,"menu_order":0,"comment_status":"closed","ping_status":"closed","template":"","meta":{"footnotes":""},"class_list":["post-170","page","type-page","status-publish","has-post-thumbnail","hentry"],"yoast_head":"<!-- This site is optimized with the Yoast SEO plugin v20.11 - https:\/\/yoast.com\/wordpress\/plugins\/seo\/ -->\n<title>- Tecnidental<\/title>\n<meta name=\"robots\" content=\"index, follow, max-snippet:-1, max-image-preview:large, max-video-preview:-1\" \/>\n<link rel=\"canonical\" href=\"https:\/\/tecnidental.com.ec\/index.php\/about-us\/\" \/>\n<meta property=\"og:locale\" content=\"es_ES\" \/>\n<meta property=\"og:type\" content=\"article\" \/>\n<meta property=\"og:title\" content=\"- Tecnidental\" \/>\n<meta property=\"og:description\" content=\"[vc_row el_class=&#8221;tt-block&#8221;][vc_column][vc_column_text css=&#8221;.vc_custom_1699110628834{margin-bottom: 0px !important;}&#8221;] Misi\u00f3n Somos una empresa Cuencana que presta sus servicios en realizaci\u00f3n de pr\u00f3tesis fijas utilizando tecnolog\u00eda de punta, materiales contempor\u00e1neos y procesos de fabricaci\u00f3n innovadores, para que obtengan el mejor beneficio de su inversi\u00f3n. Cumplir las expectativas de calidad de nuestros clientes; brindar confianza, calidad y garant\u00eda efectiva. El desempe\u00f1o\" \/>\n<meta property=\"og:url\" content=\"https:\/\/tecnidental.com.ec\/index.php\/about-us\/\" \/>\n<meta property=\"og:site_name\" content=\"Tecnidental\" \/>\n<meta property=\"article:publisher\" content=\"https:\/\/www.facebook.com\/tecnidentalcuenca?mibextid=ZbWKwL\" \/>\n<meta property=\"article:modified_time\" content=\"2023-11-15T16:21:45+00:00\" \/>\n<meta property=\"og:image\" content=\"https:\/\/tecnidental.com.ec\/wp-content\/uploads\/2023\/09\/fondoNosotros.jpg\" \/>\n\t<meta property=\"og:image:width\" content=\"1024\" \/>\n\t<meta property=\"og:image:height\" content=\"683\" \/>\n\t<meta property=\"og:image:type\" content=\"image\/jpeg\" \/>\n<meta name=\"twitter:card\" content=\"summary_large_image\" \/>\n<meta name=\"twitter:label1\" content=\"Tiempo de lectura\" \/>\n\t<meta name=\"twitter:data1\" content=\"1 minuto\" \/>\n<script type=\"application\/ld+json\" class=\"yoast-schema-graph\">{\"@context\":\"https:\/\/schema.org\",\"@graph\":[{\"@type\":\"WebPage\",\"@id\":\"https:\/\/tecnidental.com.ec\/index.php\/about-us\/\",\"url\":\"https:\/\/tecnidental.com.ec\/index.php\/about-us\/\",\"name\":\"- Tecnidental\",\"isPartOf\":{\"@id\":\"https:\/\/tecnidental.com.ec\/#website\"},\"datePublished\":\"2017-03-01T06:35:39+00:00\",\"dateModified\":\"2023-11-15T16:21:45+00:00\",\"inLanguage\":\"es\",\"potentialAction\":[{\"@type\":\"ReadAction\",\"target\":[\"https:\/\/tecnidental.com.ec\/index.php\/about-us\/\"]}]},{\"@type\":\"WebSite\",\"@id\":\"https:\/\/tecnidental.com.ec\/#website\",\"url\":\"https:\/\/tecnidental.com.ec\/\",\"name\":\"Tecnidental\",\"description\":\"\",\"publisher\":{\"@id\":\"https:\/\/tecnidental.com.ec\/#organization\"},\"potentialAction\":[{\"@type\":\"SearchAction\",\"target\":{\"@type\":\"EntryPoint\",\"urlTemplate\":\"https:\/\/tecnidental.com.ec\/?s={search_term_string}\"},\"query-input\":\"required name=search_term_string\"}],\"inLanguage\":\"es\"},{\"@type\":\"Organization\",\"@id\":\"https:\/\/tecnidental.com.ec\/#organization\",\"name\":\"Tecnidental\",\"url\":\"https:\/\/tecnidental.com.ec\/\",\"logo\":{\"@type\":\"ImageObject\",\"inLanguage\":\"es\",\"@id\":\"https:\/\/tecnidental.com.ec\/#\/schema\/logo\/image\/\",\"url\":\"https:\/\/tecnidental.com.ec\/wp-content\/uploads\/2023\/08\/LOGO-TECNIDENTAL_190X72_Mesa-de-trabajo-1.png\",\"contentUrl\":\"https:\/\/tecnidental.com.ec\/wp-content\/uploads\/2023\/08\/LOGO-TECNIDENTAL_190X72_Mesa-de-trabajo-1.png\",\"width\":191,\"height\":73,\"caption\":\"Tecnidental\"},\"image\":{\"@id\":\"https:\/\/tecnidental.com.ec\/#\/schema\/logo\/image\/\"},\"sameAs\":[\"https:\/\/www.facebook.com\/tecnidentalcuenca?mibextid=ZbWKwL\"]}]}<\/script>\n<!-- \/ Yoast SEO plugin. -->","yoast_head_json":{"title":"- Tecnidental","robots":{"index":"index","follow":"follow","max-snippet":"max-snippet:-1","max-image-preview":"max-image-preview:large","max-video-preview":"max-video-preview:-1"},"canonical":"https:\/\/tecnidental.com.ec\/index.php\/about-us\/","og_locale":"es_ES","og_type":"article","og_title":"- Tecnidental","og_description":"[vc_row el_class=&#8221;tt-block&#8221;][vc_column][vc_column_text css=&#8221;.vc_custom_1699110628834{margin-bottom: 0px !important;}&#8221;] Misi\u00f3n Somos una empresa Cuencana que presta sus servicios en realizaci\u00f3n de pr\u00f3tesis fijas utilizando tecnolog\u00eda de punta, materiales contempor\u00e1neos y procesos de fabricaci\u00f3n innovadores, para que obtengan el mejor beneficio de su inversi\u00f3n. Cumplir las expectativas de calidad de nuestros clientes; brindar confianza, calidad y garant\u00eda efectiva. El desempe\u00f1o","og_url":"https:\/\/tecnidental.com.ec\/index.php\/about-us\/","og_site_name":"Tecnidental","article_publisher":"https:\/\/www.facebook.com\/tecnidentalcuenca?mibextid=ZbWKwL","article_modified_time":"2023-11-15T16:21:45+00:00","og_image":[{"width":1024,"height":683,"url":"https:\/\/tecnidental.com.ec\/wp-content\/uploads\/2023\/09\/fondoNosotros.jpg","type":"image\/jpeg"}],"twitter_card":"summary_large_image","twitter_misc":{"Tiempo de lectura":"1 minuto"},"schema":{"@context":"https:\/\/schema.org","@graph":[{"@type":"WebPage","@id":"https:\/\/tecnidental.com.ec\/index.php\/about-us\/","url":"https:\/\/tecnidental.com.ec\/index.php\/about-us\/","name":"- Tecnidental","isPartOf":{"@id":"https:\/\/tecnidental.com.ec\/#website"},"datePublished":"2017-03-01T06:35:39+00:00","dateModified":"2023-11-15T16:21:45+00:00","inLanguage":"es","potentialAction":[{"@type":"ReadAction","target":["https:\/\/tecnidental.com.ec\/index.php\/about-us\/"]}]},{"@type":"WebSite","@id":"https:\/\/tecnidental.com.ec\/#website","url":"https:\/\/tecnidental.com.ec\/","name":"Tecnidental","description":"","publisher":{"@id":"https:\/\/tecnidental.com.ec\/#organization"},"potentialAction":[{"@type":"SearchAction","target":{"@type":"EntryPoint","urlTemplate":"https:\/\/tecnidental.com.ec\/?s={search_term_string}"},"query-input":"required name=search_term_string"}],"inLanguage":"es"},{"@type":"Organization","@id":"https:\/\/tecnidental.com.ec\/#organization","name":"Tecnidental","url":"https:\/\/tecnidental.com.ec\/","logo":{"@type":"ImageObject","inLanguage":"es","@id":"https:\/\/tecnidental.com.ec\/#\/schema\/logo\/image\/","url":"https:\/\/tecnidental.com.ec\/wp-content\/uploads\/2023\/08\/LOGO-TECNIDENTAL_190X72_Mesa-de-trabajo-1.png","contentUrl":"https:\/\/tecnidental.com.ec\/wp-content\/uploads\/2023\/08\/LOGO-TECNIDENTAL_190X72_Mesa-de-trabajo-1.png","width":191,"height":73,"caption":"Tecnidental"},"image":{"@id":"https:\/\/tecnidental.com.ec\/#\/schema\/logo\/image\/"},"sameAs":["https:\/\/www.facebook.com\/tecnidentalcuenca?mibextid=ZbWKwL"]}]}},"_links":{"self":[{"href":"https:\/\/tecnidental.com.ec\/index.php\/wp-json\/wp\/v2\/pages\/170","targetHints":{"allow":["GET"]}}],"collection":[{"href":"https:\/\/tecnidental.com.ec\/index.php\/wp-json\/wp\/v2\/pages"}],"about":[{"href":"https:\/\/tecnidental.com.ec\/index.php\/wp-json\/wp\/v2\/types\/page"}],"author":[{"embeddable":true,"href":"https:\/\/tecnidental.com.ec\/index.php\/wp-json\/wp\/v2\/users\/1"}],"replies":[{"embeddable":true,"href":"https:\/\/tecnidental.com.ec\/index.php\/wp-json\/wp\/v2\/comments?post=170"}],"version-history":[{"count":25,"href":"https:\/\/tecnidental.com.ec\/index.php\/wp-json\/wp\/v2\/pages\/170\/revisions"}],"predecessor-version":[{"id":1624,"href":"https:\/\/tecnidental.com.ec\/index.php\/wp-json\/wp\/v2\/pages\/170\/revisions\/1624"}],"wp:featuredmedia":[{"embeddable":true,"href":"https:\/\/tecnidental.com.ec\/index.php\/wp-json\/wp\/v2\/media\/1366"}],"wp:attachment":[{"href":"https:\/\/tecnidental.com.ec\/index.php\/wp-json\/wp\/v2\/media?parent=170"}],"curies":[{"name":"wp","href":"https:\/\/api.w.org\/{rel}","templated":true}]}}